undreds digit of 501?
5
What is the thousands digit of 2935?
2
What is the thousands digit of 2806?
2
What is the units digit of 926?
6
What is the ten thousands digit of 13509?
1
What is the thousands digit of 6764?
6
What is the thousands digit of 34535?
4
What is the hundreds digit of 4417?
4
What is the thousands digit of 6853?
6
What is the units digit of 4146?
6
What is the hundreds digit of 2151?
1
What is the ten thousands digit of 64335?
6
What is the units digit of 1133?
3
What is the hundreds digit of 598?
5
What is the units digit of 2995?
5
What is the ten thousands digit of 23382?
2
What is the thousands digit of 5831?
5
What is the thousands digit of 49453?
9
What is the thousands digit of 40414?
0
What is the ten thousands digit of 23832?
2
What is the units digit of 685?
5
What is the thousands digit of 1375?
1
What is the tens digit of 22426?
2
What is the ten thousands digit of 28694?
2
What is the tens digit of 331?
3
What is the hundreds digit of 792?
7
What is the hundreds digit of 1018?
0
What is the units digit of 494?
4
What is the units digit of 284?
4
What is the hundreds digit of 13713?
7
What is the units digit of 2883?
3
What is the units digit of 707?
7
What is the thousands digit of 19112?
9
What is the thousands digit of 2171?
2
What is the tens digit of 3118?
1
What is the tens digit of 30066?
6
What is the thousands digit of 1530?
1
What is the hundreds digit of 329?
3
What is the tens digit of 13361?
6
What is the ten thousands digit of 76834?
7
What is the tens digit of 366?
6
What is the hundreds digit of 178?
1
What is the hundreds digit of 1720?
7
What is the tens digit of 4091?
9
What is the thousands digit of 1028?
1
What is the tens digit of 770?
7
What is the hundreds digit of 703?
7
What is the hundreds digit of 3155?
1
What is the units digit of 700?
0
What is the tens digit of 624?
2
What is the hundreds digit of 40687?
6
What is the units digit of 1787?
7
What is the thousands digit of 2289?
2
What is the ten thousands digit of 21153?
2
What is the thousands digit of 1915?
1
What is the ten thousands digit of 32152?
3
What is the units digit of 4164?
4
What is the hundreds digit of 772?
7
What is the tens digit of 9167?
6
What is the thousands digit of 14285?
4
What is the hundreds digit of 4173?
1
What is the units digit of 1817?
7
What is the ten thousands digit of 11656?
1
What is the units digit of 5096?
6
What is the tens digit of 417?
1
What is the tens digit of 46887?
8
What is the ten thousands digit of 107735?
0
What is the ten thousands digit of 23502?
2
What is the tens digit of 57?
5
What is the hundreds digit of 29333?
3
What is the hundred thousands digit of 101718?
1
What is the hundreds digit of 2449?
4
What is the thousands digit of 8567?
8
What is the units digit of 1389?
9
What is the hundreds digit of 2195?
1
What is the thousands digit of 21031?
1
What is the hundreds digit of 5181?
1
What is the thousands digit of 2000?
2
What is the hundreds digit of 2816?
8
What is the tens digit of 20915?
1
What is the units digit of 37709?
9
What is the tens digit of 6262?
6
What is the hundreds digit of 18545?
5
What is the units digit of 4117?
7
What is the thousands digit of 100023?
0
What is the units digit of 12387?
7
What is the units digit of 22305?
5
What is the units digit of 4449?
9
What is the ten thousands digit of 19258?
1
What is the units digit of 90505?
5
What is the thousands digit of 1449?
1
What is the thousands digit of 107223?
7
What is the hundreds digit of 1130?
1
What is the tens digit of 3868?
6
What is the thousands digit of 43823?
3
What is the ten thousands digit of 95292?
9
What is the ten thousands digit of 28612?
2
What is the hundreds digit of 35817?
8
What is the units digit of 1?
1
What is the units digit of 1604?
4
What is the ten thousands digit of 15182?
1
What is the hundreds digit of 2494?
4
What is the tens digit of 3942?
4
What is the hundreds digit of 1017?
0
What is the tens digit of 8842?
4
What is the thousands digit of 3013?
3
What is the units digit of 53657?
7
What is the hundreds digit of 6212?
2
What is the tens digit of 27964?
6
What is the tens digit of 430?
3
What is the ten thousands digit of 28683?
2
What is the tens digit of 6124?
2
What is the hundred thousands digit of 116094?
1
What is the units digit of 813?
3
What is the tens digit of 2731?
3
What is the units digit of 2224?
4
What is the hundreds digit of 2508?
5
What is the units digit of 32438?
8
What is the tens digit of 58501?
0
What is the thousands digit of 2631?
2
What is the tens digit of 678?
7
What is the tens digit of 24?
2
What is the thousands digit of 1227?
1
What is the tens digit of 766?
6
What is the thousands digit of 3948?
3
What is the hundreds digit of 17964?
9
What is the hundreds digit of 8187?
1
What is the hundreds digit of 71646?
6
What is the tens digit of 9606?
0
What is the tens digit of 13853?
5
What is the hundreds digit of 1532?
5
What is the units digit of 32523?
3
What is the tens digit of 75551?
5
What is the tens digit of 866?
6
What is the ten thousands digit of 28138?
2
What is the hundreds digit of 2621?
6
What is the tens digit of 4849?
4
What is the hundreds digit of 223?
2
What is the hundreds digit of 935?
9
What is the hundreds digit of 3995?
9
What is the units digit of 1237?
7
What is the hundreds digit of 35388?
3
What is the thousands digit of 50855?
0
What is the units digit of 6416?
6
What is the units digit of 14464?
4
What is the units digit of 35410?
0
What is the units digit of 23351?
1
What is the tens digit of 8901?
0
What is the hundreds digit of 104447?
4
What is the thousands digit of 9706?
9
What is the ten thousands digit of 110734?
1
What is the units digit of 508?
8
What is the thousands digit of 2479?
2
What is the hundreds digit of 2215?
2
What is the hundreds digit of 84011?
0
What is the hundreds digit of 529?
5
What is the hundreds digit of 44803?
8
What is the thousands digit of 45502?
5
What is the tens digit of 2552?
5
What is the units digit of 6230?
0
What is the units digit of 2212?
2
What is the tens digit of 101?
0
What is the tens digit of 5123?
2
What is the tens digit of 2040?
4
What is the units digit of 8068?
8
What is the thousands digit of 3638?
3
What is the tens digit of 151504?
0
What is the thousands digit of 53104?
3
What is the hundreds digit of 881?
8
What is the hundreds digit of 645?
6
What is the units digit of 1107?
7
What is the hundreds digit of 874?
8
What is the thousands digit of 3479?
3
What is the ten thousands digit of 21419?
2
What is the hundreds digit of 724?
7
What is the thousands digit of 7686?
7
What is the units digit of 3133?
3
What is the units digit of 3?
3
What is the thousands digit of 11415?
1
What is the units digit of 691?
1
What is the hundreds digit of 656?
6
What is the units digit of 1350?
0
What is the units digit of 233?
3
What is the ten thousands digit of 18496?
1
What is the thousands digit of 40462?
0
What is the thousands digit of 14235?
4
What is the units digit of 688?
8
What is the hundreds digit of 959?
9
What is the tens digit of 1819?
1
What is the units digit of 766?
6
What is the tens digit of 30402?
0
What is the hundreds digit of 10381?
3
What is the ten thousands digit of 10226?
1
What is the units digit of 5306?
6
What is the thousands digit of 1968?
1
What is the hundreds digit of 1490?
4
What is the ten thousands digit of 103830?
0
What is the units digit of 12936?
6
What is the tens digit of 14227?
2
What is the tens digit of 686?
8
What is the tens digit of 139026?
2
What is the ten thousands digit of 50906?
5
What is the units digit of 4185?
5
What is the hundreds digit of 122058?
0
What is the units digit of 1300?
0
What is the tens digit of 1183?
8
What is the thousands digit of 15865?
5
What is the units digit of 609?
9
What is the ten thousands digit of 34988?
3
What is the hundreds digit of 1333?
3
What is the units digit of 56?
6
What is the thousands digit of 44951?
4
What is the tens digit of 7304?
0
What is the thousands digit of 4792?
4
What is the tens digit of 6092?
9
What is the hundreds digit of 1058?
0
What is the hundreds digit of 1570?
5
What is the thousands digit of 15688?
5
What is the tens digit of 35675?
7
